*2 - 27*x - 15. Determine h(14).
-1
Let g(s) = 2*s**2 - 2*s - 10. Determine g(-2).
2
Let g(b) = -2*b + 28. Give g(18).
-8
Let n(m) = 4*m + 5. What is n(-2)?
-3
Let z(c) = c**3 + 7*c**2 + 4*c + 5. What is z(-5)?
35
Let c(g) = 2*g**2 - 6*g - 4. Calculate c(6).
32
Let s(r) = -15*r + 65. Determine s(4).
5
Let p(k) = -k**3 + 2*k**2 - k + 19. Determine p(0).
19
Let i(l) = -2*l**2 - 5*l + 11. Give i(-5).
-14
Let t(q) = -2*q - 5. What is t(-7)?
9
Let o(n) = -n**3 - 7*n**2 - 13*n - 9. What is o(-2)?
-3
Let p(m) = -m**3 - 4*m**2 + 20*m + 4. Give p(-7).
11
Let y(x) = -x**3 + 6*x**2 - 3*x - 22. Determine y(5).
-12
Let t(n) = -n**2 - 3*n. Determine t(-4).
-4
Let b(f) = f + 6. Determine b(-13).
-7
Let n(s) = -9*s + 32. Determine n(8).
-40
Let p(o) = 10*o - 48. Determine p(3).
-18
Let l(s) = -s**3 + 4*s**2 + s - 4. Determine l(3).
8
Let l(m) = -m**2 - 5*m - 5. Give l(-5).
-5
Let p(w) = w**3 - 20*w**2 + 34*w + 25. Determine p(18).
-11
Let v(l) = l - 10. Determine v(13).
3
Let l(d) = -d**3 - 8*d**2 - d - 10. Determine l(-8).
-2
Let f(v) = 131*v + 1696. Calculate f(-13).
-7
Let s(x) = 7*x + 121. Determine s(-28).
-75
Let b(p) = p**3 - 5*p**2 - 5*p - 4. Give b(6).
2
Let k(j) = -3*j**2 - 3*j - 2. What is k(-3)?
-20
Let k(f) = f**2 - f - 4. Determine k(-5).
26
Let y(x) = x**3 - 8*x**2 - 2*x + 2. Calculate y(8).
-14
Let b(z) = 2*z**2 + 5*z - 19. Give b(2).
-1
Let m(h) = 2*h + 45. Determine m(-7).
31
Let l(s) = -2*s**3 - 25*s**2 - 21*s - 104. Calculate l(-12).
4
Let h(s) = -s**2 + 16*s + 3. Give h(16).
3
Let l(d) = d**2 - 2*d - 69. Determine l(-7).
-6
Let h(j) = -2*j + 60. Calculate h(0).
60
Let w(r) = -3*r**2 + 6*r - 16. Determine w(2).
-16
Let v(t) = t**2 + 4. Determine v(-5).
29
Let o(b) = -b**3 - 14*b**2 - 35*b - 126. Determine o(-12).
6
Let g(h) = -5*h - 34. Give g(-9).
11
Let o(d) = -d**3 - 4*d**2 + 4*d + 6. Give o(-5).
11
Let b(f) = -f**3 - 12*f**2 - 28*f - 14. Calculate b(-9).
-5
Let p(y) = y**3 - 3*y**2 + y - 16. What is p(4)?
4
Let b(m) = m**2 + 2*m + 2. What is b(-5)?
17
Let b(c) = 2*c + 5. Determine b(9).
23
Let n(o) = o**3 - 3*o**2 - 3*o + 10. Calculate n(4).
14
Let y(i) = -i**2 - 20*i - 13. Determine y(-19).
6
Let l(m) = -m**3 + m**2 + 7*m + 1. What is l(-2)?
-1
Let m(n) = 47*n - 2. Give m(1).
45
Let r(j) = j**3 - 3*j**2 + 2*j + 10. What is r(-2)?
-14
Let t(d) = -d**2 + 10*d - 12. Give t(3).
9
Let b(t) = 2*t + 4. Give b(-6).
-8
Let b(r) = -31*r**3. Calculate b(1).
-31
Let r(j) = -j**3 + 5*j**2. Give r(5).
0
Let h(s) = s**3 - 10*s**2 + 22*s + 1. Give h(7).
8
Let b(y) = -y**3 + 17*y**2 - 15*y - 15. Give b(16).
1
Let b(r) = -r**3 - 8*r**2 - 12*r + 11. What is b(-6)?
11
Let g(n) = n**3 + 5*n**2 - 3*n + 14. Determine g(-6).
-4
Let v(y) = 7*y**3 + 2*y**2 - 1. Give v(1).
8
Let r(j) = -22*j + 13. Determine r(3).
-53
Let t(i) = i**2 + 4*i - 4. Give t(2).
8
Let i(z) = 3*z**3 - 13*z**2 - 10*z + 8. Calculate i(5).
8
Let z(c) = -c**3 + 6*c**2 - 3*c - 4. Determine z(5).
6
Let y(v) = -v**2 - 11*v - 9. What is y(-11)?
-9
Let q(h) = h**3 - h**2 - 4*h - 3. Determine q(-3).
-27
Let k(d) = -d**3 + d + 9. What is k(4)?
-51
Let c(x) = -x**3 + 5*x**2 - 3*x - 5. Give c(0).
-5
Let w(m) = -3*m**2 - 10*m - 5. What is w(-2)?
3
Let k(i) = -i**2 - 4*i - 2. Determine k(-5).
-7
Let r(t) = t**2 - 2*t - 21. Calculate r(0).
-21
Let f(j) = j**3 + 7*j**2 + j + 14. Determine f(-7).
7
Let b(x) = -x**3 - 12*x**2 - 8*x - 26. What is b(-11)?
-59
Let j(x) = -6*x + 9. Give j(-10).
69
Let t(v) = v + 38. What is t(-34)?
4
Let p(j) = -24*j - 12. Give p(1).
-36
Let a(b) = -4*b + 101. Determine a(26).
-3
Let s(b) = -b**2 - 15*b + 87. What is s(-20)?
-13
Let x(g) = 27*g**2 - 10*g + 10. Calculate x(1).
27
Let w(t) = -53*t**3 + t. Calculate w(-1).
52
Let q(i) = -3*i**2 + 2*i + 2. What is q(2)?
-6
Let p(q) = -q**3 - 11*q**2 - 17*q + 15. Determine p(-9).
6
Let x(q) = -q**2 - 4*q + 9. What is x(-10)?
-51
Let l(i) = -i**2 - 15*i - 7. Give l(-6).
47
Let o(h) = 4*h - 14. What is o(-7)?
-42
Let c(r) = 7*r + 79. Give c(-12).
-5
Let o(j) = -3*j + 1. Calculate o(7).
-20
Let z(t) = t + 29. Determine z(11).
40
Let w(a) = 14*a - 4. Give w(4).
52
Let z(s) = 6*s - 66. Give z(8).
-18
Let z(f) = 3*f + 2. Give z(-5).
-13
Let x(j) = j**3 + j**2 - 5*j - 7. Calculate x(-2).
-1
Let t(w) = -2*w**3 - 2*w**2 - 2. What is t(-3)?
34
Let o(y) = -13*y + 13. What is o(7)?
-78
Let p(w) = -20*w - 47. What is p(-4)?
33
Let u(v) = 3*v - 21. Give u(-13).
-60
Let o(w) = -8*w + 35. Calculate o(-4).
67
Let t(v) = 5*v - 21. Give t(7).
14
Let c(h) = -h**2 - 6*h + 6. Give c(-7).
-1
Let v(d) = -d + 56. What is v(10)?
46
Let x(m) = 3*m**2 + 2*m - 1. What is x(2)?
15
Let l(y) = -4*y - 47. Determine l(-9).
-11
Let z(b) = -2*b**2 + 41*b + 21. Determine z(21).
0
Let q(r) = -43*r - 602. Give q(-14).
0
Let m(d) = 3*d**2 + 9*d - 2. Determine m(-3).
-2
Let f(o) = 4*o + 1. Calculate f(1).
5
Let x(o) = -o**3 - 3*o**2 - 5*o + 7. Determine x(-5).
82
Let w(x) = -x**3 + 3*x**2 - x - 5. Give w(4).
-25
Let a(p) = p**2 - 16*p - 14. Calculate a(17).
3
Let b(w) = w**2 - 2*w - 1. Determine b(-2).
7
Let j(i) = -17*i + 205. Determine j(14).
-33
Let f(t) = -t**3 - 5*t**2 + 5*t - 6. Determine f(-6).
0
Let q(t) = t**2 - 14*t + 50. Determine q(7).
1
Let m(n) = -n**3 - 2*n - 3. Calculate m(0).
-3
Let r(v) = -v**2 - 3*v - 33. Calculate r(0).
-33
Let d(y) = -2*y**3 + 3*y - 5. Give d(0).
-5
Let s(h) = -2*h**2 - 3*h + 23. Give s(6).
-67
Let l(u) = u**2 + 7. Determine l(-5).
32
Let v(z) = -38*z + 980. What is v(26)?
-8
Let q(u) = -u**2 + 24*u + 24. Give q(25).
-1
Let w(d) = -13*d - 9. Give w(-1).
4
Let z(n) = -2*n**2 - 2*n - 3. Give z(5).
-63
Let i(a) = -13*a + 96. Determine i(7).
5
Let q(u) = 3*u**2 - 2*u - 3. Give q(-3).
30
Let p(m) = -18*m + 62. Calculate p(4).
-10
Let s(g) = -g**3 - 6*g**2 + 6*g - 8. Calculate s(-7).
-1
Let n(l) = l**3 - 11*l**2 + 14*l + 5. Give n(9).
-31
Let g(f) = 8*f - 65. Give g(8).
-1
Let q(v) = -2*v + 23. Give q(9).
5
Let x(h) = h**2 - 26*h - 49. Give x(30).
71
Let j(c) = -c**2 + 12*c + 6. Give j(13).
-7
Let w(s) = -s + 2. What is w(4)?
-2
Let d(z) = z**3 - 5*z**2 - 4*z + 2. Calculate d(5).
-18
Let l(f) = 3*f**2 - 15*f - 14. Determine l(6).
4
Let h(y) = y**3 + 19*y**2 + 20*y + 21. Determine h(-18).
-15
Let r(j) = j**2 + 3*j - 339. Calculate r(17).
1
Let v(r) = -22*r - 162. Determine v(-7).
-8
Let x(m) = m**2 - 10*m + 27. Determine x(7).
6
Let y(n) = -n**3 - 8*n**2 - 8*n - 2. Give y(-7).
5
Let x(y) = y**2 - 20*y + 8. Give x(20).
8
Let s(x) = 2*x**3 + 19*x**2 - 18*x - 81. Give s(-10).
-1
Let t(s) = 9*s + 2. What is t(-2)?
-16
Let a(b) = -2*b**3 + b**2 + b + 8. Determine a(0).
8
Let b(v) = -v**2 - 12*v + 37. Calculate b(-15).
-8
Let u(y) = -y**3 + 3*y**2 + 6*y - 13. Give u(3).
5
Let s(n) = -n**2 + 2*n - 1. Give s(-3).
-16
Let g(s) = -5*s**2 - 174*s + 34. What is g(-35)?
-1
Let l(x) = 2*x**3 - 4*x**2 + 5*x - 3. Determine l(2).
7
Let q(g) = -g**3 + 2*g**2 + 31*g + 3. Calculate q(6).
45
Let g(a) = -50*a + 395. What is g(8)?
-5
Let n(p) = -4*p - 23. Calculate n(-7).
5
Let m(h) = h**3 + h**2 - 6*h - 2. What is m(-3)?
-2
Let i(o) = o**2 - 11*o + 5. Calculate i(10).
-5
Let r(g) = g**3 - 14*g**2 - 3*g + 48. Calculate r(14).
6
Let u(m) = m**3 + 11*m**2 + 15*m - 19. Give u(-9).
8
Let r(w) = 3*w**2 - 7*w - 2. What is r(3)?
4
Let o(v) = -2*v + 26. Give o(8).
10
Let i(v) = v + 3. Give i(3).
6
Let p(y) = 2*y**2 - 52*y. Determine p(26).
0
Let l(y) = -y**2 + 42*y + 340. Give l(49).
-3
Let l(m) = -m**3 - 21*m**2 + 69*m - 76. Determine l(-24).
-4
Let i(q) = 5*q - 54. Determine i(11).
1
Let j(k) = -7*k - 37. Determine j(-5).
-2
Let g(i) = -i**3 - i**2 + 4*i - 3. Determine g(2).
-7
Let u(h) = h**3 - 39*h**2 - 2. Give u(39).
-2
Let d(j) = -9*j**2 - 2*j - 3. Calculate d(-2).
-35
Let c(z) = 9*z - 46. Give c(0).
-46
Let h(q) = q**2 + 3*q - 20. Give h(-7).
8
Let i(l) = -l**2 - 2*l + 113. Give i(10).
-7
Let w(u) = u**3 + 3*u + 3. What is w(-2)?
-11
Let p(w) = w**2 - 16*w - 7. Calculate p(7).
-70
Let o(w) = w + 17. Give o(-8).
9
Let j(w) = w**2 - 9*w - 11. Give j(10).
-1
Let m(z) = 6*z - 21. Give m(4).
3
Let a(j) = 39*j**2 - 4*j - 4. Determine a(-1).
39
Let o(i) = -6*i - 12. Give o(23).
-150
Let p(b) = b**3 + 8*b**2 - 9*b - 3. Determine p(-9).
-3
Let u(m) = 4*m**2 - 2*m + 1. Give u(6).
133
Let c(v) = v + 9. Give c(6).
15
Let k(g) = 2*g**2 + 67*g + 63. Determine k(-33).
30
Le